 Let l = -206 - -213. What is the units digit of t(l)?
6
Let l = 256 + -117. Suppose -3*a = -5*h + 308, 5*h - l - 177 = a. What is the units digit of h?
4
Suppose -20*p + 4*h + 20512 = -16*p, -2*h = -3*p + 15384. What is the units digit of p?
8
Let k = 39 - 41. What is the tens digit of 10/(3 - 4)*k?
2
Let t(w) be the second derivative of 14*w**5/5 - w**4/12 + w**2/2 + 12*w. What is the units digit of t(1)?
6
Let w be (4*-2)/(-7 + 6). Suppose w*m = 13*m - 515. What is the units digit of m?
3
Let y be (3 + (4 - 4))*7. Let k be 1*y*(-4)/(-1). Suppose -3*o = o + f - k, -3*o = -f - 70. What is the units digit of o?
2
Suppose -c + 180 = -4*c. Let i be (116/10)/((-24)/c). Let u = i + -20. What is the units digit of u?
9
Let k = 5 - 12. Let v(h) = -7*h + 14. What is the units digit of v(k)?
3
Let o(c) = -11*c**3 + 14*c**2 - 5*c - 17. Let h(y) = 5*y**3 - 7*y**2 + 2*y + 8. Let m(f) = -13*h(f) - 6*o(f). What is the units digit of m(-6)?
0
What is the hundreds digit of -3 + 2 - (-227 + 0)?
2
Let k(q) = -q**3 + q**2 - q + 1. Let b be k(1). Suppose b*c - 3*c + 6 = 0. Suppose -o + 39 = c*o. What is the tens digit of o?
1
What is the tens digit of -5 + (-63)/(-12) + 5774/8?
2
Suppose -t + 189 = -27. Let c = t + -123. What is the units digit of c?
3
Let n be (1/(-2)*-1)/(15/(-30)). What is the units digit of -2*4/8*(n - 10)?
1
Let q be ((35/2)/7 + -3)*-16. What is the units digit of (-213)/(-4)*q/3?
2
Let v = -4 - -9. Let m = 7 - v. What is the tens digit of 23 + (-1)/((-1)/m)?
2
Let t(r) = 9*r + 7. Let h(b) = 4*b + 3. Let l(m) = -7*h(m) + 3*t(m). Let u(s) = s**2 - 2*s + 4. Let i(c) = 3*l(c) + u(c). What is the units digit of i(7)?
8
Suppose 5*v - v + 1500 = 0. Let j = v + 174. What is the units digit of (-6)/(-4) + j/(-6)?
5
Suppose -9*c = -6*c - 15. Suppose 2*t - 53 = -3*h + 58, 4*h = c*t + 148. What is the units digit of h?
7
Let v be 6/(-30) + 58/(-10). Let h = 16 + v. What is the units digit of h?
0
Let t(k) be the second derivative of 8*k**3/3 + 2*k**2 + 13*k. What is the tens digit of t(6)?
0
Let u(m) = 3*m. Let n be u(1). Suppose -s = p, -9 = -5*p - s + n. Suppose -11 = -3*q - p*a + 7, a + 2 = q. What is the units digit of q?
4
Let s = 13 + -8. Suppose s*a + 5*h - 4*h - 746 = 0, 3*h = 2*a - 295. What is the units digit of a?
9
Suppose y = -3*n + 10, 9 = n - 2*y + 1. Let m(z) = -n + 0*z + 6*z**2 + 3*z - 2*z. What is the units digit of m(3)?
3
Let p(l) = -11*l**2 - 2*l - 20. Let y(m) = -5*m**2 - m - 10. Let v(i) = -6*p(i) + 13*y(i). What is the units digit of v(9)?
2
Let l = -32 + 36. Suppose 5*z - 3*y + 8*y - 285 = 0, -l*z = -2*y - 246. What is the tens digit of z?
6
Suppose 20 = -3*x + 8*x. What is the tens digit of 6*(2/x)/(1/6)?
1
Let q be (-4 - (4 + -5)) + -2469. Let y be q/(-40) + (-2)/(-10). Let h = y - 41. What is the units digit of h?
1
Suppose 2*j - 9 = -7. What is the units digit of (344/6)/(3*j/9)?
2
Suppose -72 = 7*p - 25*p. Suppose 0 = -p*w + 744 + 232. What is the tens digit of w?
4
Let r(m) = -m**3 + 22*m**2 + 33*m - 21. What is the units digit of r(23)?
9
Let f(m) = -129*m + 659. What is the hundreds digit of f(-7)?
5
Let x = 380 - -204. What is the tens digit of x?
8
Let w(v) = v**2 + 2*v - 4. Let f be w(2). Let g be ((-8)/f - -6) + 1. Suppose -2*j - 13 = -2*x - 3*j, g*x + 5*j = 35. What is the units digit of x?
6
Let v be 3 + 0 + 0/(-2). Let m = v + 0. Suppose -2*l - m*p + 57 = 0, 4*p + 44 = 3*l - 67. What is the tens digit of l?
3
Let p(z) = -26*z - 142. What is the tens digit of p(-33)?
1
Let c = -132 + 116. What is the units digit of c/40 + 382/5?
6
Let i(d) = d**2 + 145. Let c be i(0). Suppose c - 10 = 5*t. What is the tens digit of t?
2
Let i(x) = x**3 - 2*x**2 + 2*x - 1. Let r be i(3). Let a = r + 85. Let n = a + -54. What is the units digit of n?
5
Let w(z) = -2*z**3 + 18*z**2 - 5*z - 4. Suppose n = 5*y - 18, -y - 5 = -5*n + 25. What is the tens digit of w(n)?
5
Let p = 4254 - 1762. What is the hundreds digit of p?
4
Suppose -7*o - 23 - 19 = 0. Let s be (-635)/(-15) + 2/o. Suppose -10 = -2*f + s. What is the units digit of f?
6
Suppose 3*a = 2*a + 2. Let b(o) = -3 - 4*o**3 - o**3 - 5*o**a + 6*o**2 - 2*o**2 - 2*o. What is the units digit of b(-2)?
7
Let n = -694 - -2621. What is the hundreds digit of n?
9
Suppose 4*h - 2226 = -3*h. What is the units digit of h/3*1 - 0?
6
Suppose 78 = -2*f - 60. Let n = f + 122. What is the units digit of n?
3
Let v(c) = 3*c**2 - 124*c - 250. What is the hundreds digit of v(56)?
2
Let k(o) = o - 7. Let h be k(10). Suppose 25 = h*f + 1. Suppose 4*b = -4 + f. What is the units digit of b?
1
Let o(j) = j**2 - 5*j - 2. Suppose a - 54 = 5*f - 22, -32 = -4*a - 4*f. What is the units digit of o(a)?
2
Let z(j) = 102*j + 667. What is the tens digit of z(14)?
9
Suppose 0 = -2*m - 5 + 9. Suppose m*o + 0*o + 5*i - 314 = 0, -o - 5*i = -157. What is the hundreds digit of o?
1
Let u(w) = -458*w**3 - w**2 - 7*w. What is the tens digit of u(-2)?
7
What is the tens digit of ((-1)/((-5)/(-850)))/(-2)?
8
What is the units digit of (-3)/5 + (-14709)/(-15)?
0
Suppose 0 = 3*y + 5*w - 1094 + 115, -w - 670 = -2*y. Let v = -234 + y. Suppose -2*c - v = -5*c. What is the tens digit of c?
3
Let j be ((-24)/8)/(1/4). Let u(a) = -4*a + 28. What is the units digit of u(j)?
6
Suppose -r = -308 - 594. What is the hundreds digit of r?
9
Suppose 29*b + 6207 - 20214 = 0. What is the units digit of b?
3
Let d(t) = t**2 + 3*t - 2. Let x be d(-9). Let y = x - 3. What is the tens digit of y?
4
Let c = 140 - 84. Suppose -4*p - 4 = -o, 5*p + c = 3*o - 6*o. What is the units digit of 3/o*0 + 35?
5
Suppose 21*c + 214 = 23*c. What is the tens digit of c?
0
Let x(i) = -i**2 + 207. Let h be x(0). Suppose 6*v = h + 45. What is the units digit of v?
2
Let t = -103 - -103. Suppose -296 = -t*d - 3*d - 2*k, 0 = -2*d + k + 209. What is the tens digit of d?
0
Suppose -3*s + 4*s = 47. Let j = s - 29. Suppose z = -2*o + 22, -3*z + 7*z - j = -o. What is the tens digit of o?
1
Let y(t) = -8*t**3 - 8*t**2 - 8*t - 17. What is the hundreds digit of y(-5)?
8
Let a be 8/36 - 142/(-9). Suppose 5*n = n + a. Suppose -n*p + 9 = -91. What is the tens digit of p?
2
Let y(k) = 3*k**2 - 9*k - 8. Let g be y(4). Suppose 0 = -h + 5*i - g, 0 = h + 6*i - i - 36. What is the tens digit of h?
1
Let t = 132 + -132. Suppose -2*u + z + 184 = t, -3*u = -5*z - 105 - 164. What is the tens digit of u?
9
Suppose -2*s - 235 = -1069. What is the tens digit of s?
1
Suppose 3*i + 2*t - t + 679 = 0, -i - t = 223. What is the tens digit of i*(1/(-3))/1?
7
What is the units digit of (264/55 - 6) + 13881/5?
5
Let q(w) = -10 + 3*w + 2 - 9. Let a be q(9). Suppose c = -a + 32. What is the tens digit of c?
2
Let b(s) = 8*s**2 + 4*s - 11. Let o be b(4). Let q = -25 + o. What is the tens digit of q?
0
Suppose 4*h + 3*c = c + 2, 0 = -3*h - 5*c - 9. Let d(s) = -s**3 - 3*s - 5 - s**2 + s**h + 8*s**2. What is the tens digit of d(7)?
2
Suppose 0 = 773*z - 738*z - 115920. What is the tens digit of z?
1
Let o = 70 - 58. Suppose o*a - 10*a = 82. What is the units digit of a?
1
Suppose 0 = 4*g - 4*s - 972, -5*g + 6*s + 1212 = 2*s. What is the hundreds digit of g?
2
Let i(c) = -7*c - 76. Let z = 6 - 35. What is the tens digit of i(z)?
2
Let u(q) = -q**3 + 6*q**2 - 5*q + 3. Let n be u(5). Suppose n*v = 90 + 15. What is the units digit of v?
5
Let m be 55 + 3/((-3)/4). Let s be 3*(m/9 - 0). Let h = s - 6. What is the tens digit of h?
1
Let s be 10/15*(-6)/(-1). Suppose -3*w - 96 = -5*w + s*b, 3*w - 3*b - 132 = 0. What is the units digit of w?
0
Let a be (14 + -16)*10/(-4). Suppose a*y = y + 112. Suppose -5*q + 3*m + 43 = 0, y = 4*q + m - 5*m. What is the tens digit of q?
1
Let h(x) = x**3 - 11*x**2 + 31*x - 35. What is the units digit of h(14)?
7
Suppose 0 = 2*v + 3*z - 3750, 2*v = 5*z - z + 3722. What is the thousands digit of v?
1
Suppose -a + 262 - 3 = 0. What is the tens digit of a?
5
Suppose 3*m = 9, 329 = -11*u + 13*u + 3*m. What is the units digit of u?
0
Let n(j) = -10*j - 23. Let w(k) = -10*k - 22. Let o(y) = 5*n(y) - 4*w(y). What is the units digit of o(-10)?
3
Suppose -1 = -2*b - 5*v - 2, b = 5*v + 22. Suppose 514 = b*r - 39. What is the tens digit of r?
7
Let q = -3 - -15. Let r = q - -76. What is the tens digit of r?
8
Let i be (-5)/(-15) - 4/12. Suppose i = -4*y - 205 + 609. What is the h